672 and 594.
198
What is the greatest common divisor of 15 and 40?
5
What is the greatest common factor of 12087 and 34?
17
Calculate the highest common divisor of 296 and 518.
74
What is the greatest common factor of 61852 and 28?
28
What is the greatest common factor of 24522 and 244?
122
What is the highest common divisor of 12 and 24198?
6
What is the highest common factor of 6 and 432?
6
What is the highest common divisor of 32 and 12?
4
What is the greatest common divisor of 22 and 26?
2
What is the highest common factor of 400 and 16?
16
Calculate the greatest common divisor of 150 and 375.
75
Calculate the highest common factor of 350 and 100.
50
Calculate the greatest common divisor of 1281 and 21.
21
What is the greatest common factor of 18 and 387?
9
Calculate the highest common factor of 375 and 150.
75
Calculate the highest common factor of 160 and 9680.
80
Calculate the highest common factor of 2151 and 9.
9
Calculate the highest common divisor of 7966 and 42.
14
Calculate the greatest common divisor of 36 and 52.
4
Calculate the greatest common factor of 15 and 36.
3
Calculate the greatest common factor of 97 and 9118.
97
Calculate the greatest common divisor of 924 and 1056.
132
What is the highest common factor of 7 and 3619?
7
Calculate the highest common divisor of 56 and 4.
4
Calculate the highest common divisor of 2724 and 48.
12
Calculate the highest common divisor of 216 and 288.
72
What is the greatest common factor of 850 and 50?
50
Calculate the highest common divisor of 75 and 165.
15
Calculate the highest common divisor of 53 and 1431.
53
Calculate the highest common divisor of 2080 and 630.
10
What is the highest common factor of 784 and 1127?
49
Calculate the greatest common factor of 1328 and 16.
16
What is the greatest common factor of 814 and 946?
22
Calculate the highest common divisor of 549 and 180.
9
Calculate the greatest common factor of 6802 and 38.
38
Calculate the greatest common divisor of 14 and 1862.
14
Calculate the highest common divisor of 275 and 187.
11
What is the greatest common divisor of 188 and 611?
47
Calculate the greatest common factor of 10 and 10.
10
Calculate the highest common divisor of 600 and 290.
10
What is the highest common factor of 33 and 77?
11
Calculate the highest common factor of 133 and 95.
19
Calculate the highest common divisor of 539 and 209.
11
Calculate the greatest common divisor of 392 and 4214.
98
What is the greatest common divisor of 30 and 90?
30
What is the highest common divisor of 94 and 50?
2
What is the greatest common divisor of 1404 and 2916?
108
What is the greatest common factor of 28 and 66668?
28
Calculate the highest common divisor of 975 and 156.
39
What is the greatest common divisor of 4623 and 2211?
201
Calculate the greatest common factor of 37 and 3774.
37
Calculate the greatest common divisor of 95 and 20.
5
Calculate the highest common divisor of 2646 and 2450.
98
What is the greatest common divisor of 203 and 399?
7
Calculate the greatest common factor of 5935 and 35.
5
What is the greatest common factor of 209 and 1653?
19
Calculate the highest common divisor of 33 and 9053.
11
Calculate the highest common divisor of 2630 and 290.
10
What is the greatest common divisor of 248 and 155?
31
Calculate the greatest common factor of 17 and 1853.
17
Calculate the highest common divisor of 1248 and 78.
78
Calculate the greatest common factor of 17064 and 48.
24
Calculate the highest common factor of 510 and 75.
15
What is the greatest common divisor of 63 and 63?
63
What is the greatest common divisor of 51 and 5457?
51
What is the highest common divisor of 8480 and 795?
265
What is the greatest common factor of 11147 and 142?
71
Calculate the highest common factor of 1584 and 27.
9
What is the highest common divisor of 462 and 24?
6
Calculate the highest common factor of 117 and 65.
13
What is the highest common divisor of 98 and 2464?
14
What is the highest common factor of 264 and 3498?
66
What is the greatest common factor of 57 and 240?
3
Calculate the greatest common factor of 72 and 10.
2
Calculate the greatest common factor of 495 and 405.
45
Calculate the greatest common factor of 1472 and 832.
64
Calculate the greatest common divisor of 31 and 3565.
31
Calculate the greatest common factor of 5436 and 3.
3
Calculate the greatest common divisor of 3975 and 75.
75
What is the highest common divisor of 276 and 1863?
69
Calculate the greatest common factor of 14 and 6363.
7
What is the highest common divisor of 4480 and 70?
70
Calculate the greatest common factor of 1180 and 20.
20
What is the greatest common factor of 2160 and 40?
40
What is the highest common factor of 28 and 350?
14
Calculate the highest common factor of 8 and 632.
8
What is the greatest common factor of 3 and 183?
3
What is the highest common divisor of 77 and 1463?
77
What is the greatest common factor of 96 and 1600?
32
What is the highest common divisor of 132 and 84?
12
What is the greatest common divisor of 1216 and 38?
38
What is the highest common divisor of 117 and 975?
39
What is the highest common factor of 22 and 8?
2
Calculate the greatest common factor of 20 and 3308.
4
What is the greatest common divisor of 2214 and 297?
27
Calculate the greatest common divisor of 60 and 6500.
20
Calculate the greatest common divisor of 11 and 1.
1
What is the greatest common factor of 31 and 217?
31
Calculate the greatest common divisor of 7 and 2.
1
What is the highest common factor of 230 and 6210?
230
What is the highest common divisor of 2585 and 55?
55
Calculate the highest common divisor of 21 and 12.
3
Calculate the greatest common divisor of 16 and 36.
4
What is the highest common factor of 68 and 85?
17
What is the greatest common factor of 3312 and 54?
18
Calculate the highest common divisor of 34 and 8.
2
Calculate the greatest common factor of 616 and 12474.
154
What is the highest common divisor of 35 and 1015?
35
Calculate the greatest common divisor of 6010 and 70.
10
Calculate the greatest common factor of 6806 and 574.
82
What is the highest common factor of 1200 and 224?
16
Calculate the highest common factor of 707 and 202.
101
Calculate the greatest common divisor of 45 and 5085.
45
Calculate the greatest common factor of 225 and 10.
5
What is the greatest common divisor of 828 and 36?
36
Calculate the greatest common divisor of 70 and 4690.
70
What is the highest common divisor of 46 and 13064?
46
Calculate the highest common divisor of 35 and 511.
7
Calculate the highest common factor of 380 and 20.
20
Calculate the highest common divisor of 6 and 28164.
6
What is the highest common divisor of 1043 and 14?
7
What is the greatest common divisor of 2624 and 128?
64
What is the greatest common divisor of 79 and 4?
1
What is the greatest common factor of 53 and 1060?
53
Calculate the greatest common divisor of 1155 and 88.
11
Calculate the highest common divisor of 1300 and 2000.
100
Calculate the highest common factor of 286 and 559.
13
Calculate the greatest common divisor of 127 and 8128.
127
Calculate the greatest common factor of 168 and 13692.
84
What is the highest common factor of 270 and 54?
54
Calculate the greatest common factor of 2550 and 5.
5
Calculate the highest common divisor of 165 and 1573.
11
Calculate the greatest common factor of 1488 and 192.
48
What is the greatest common divisor of 13684 and 66?
22
What is the greatest common divisor of 6153 and 63?
21
What is the highest common factor of 1413 and 387?
9
What is the highest common divisor of 444 and 12?
12
What is the highest common divisor of 1568 and 32?
32
Calculate the greatest common divisor of 1 and 209.
1
Calculate the highest common divisor of 116 and 87.
29
What is the greatest common divisor of 65065 and 11?
11
What is the highest common divisor of 962 and 666?
74
What is the highest common factor of 512 and 120?
8
What is the greatest common factor of 34 and 34?
34
Calculate the greatest common divisor of 186 and 62.
62
What is the greatest common factor of 384 and 1056?
96
Calculate the greatest common divisor of 3 and 71.
1
What is the highest common factor of 130 and 3055?
65
What is the highest common factor of 15 and 48?
3
Calculate the highest common divisor